[INFO] fetching crate crndm 0.1.0...
[INFO] checking crndm-0.1.0 against master#9610dfe5a9a731ced1ea4923ecbd0c57fe367898 for beta-170-4
[INFO] extracting crate crndm 0.1.0 into /workspace/builds/worker-5-tc1/source
[INFO] validating manifest of crates.io crate crndm 0.1.0 on toolchain 9610dfe5a9a731ced1ea4923ecbd0c57fe367898
[INFO] running `Command { std: CARGO_HOME="/workspace/cargo-home" RUSTUP_HOME="/workspace/rustup-home" "/workspace/cargo-home/bin/cargo" "+9610dfe5a9a731ced1ea4923ecbd0c57fe367898" "metadata" "--manifest-path" "Cargo.toml" "--no-deps", kill_on_drop: false }`
[INFO] started tweaking crates.io crate crndm 0.1.0
[INFO] finished tweaking crates.io crate crndm 0.1.0
[INFO] tweaked toml for crates.io crate crndm 0.1.0 written to /workspace/builds/worker-5-tc1/source/Cargo.toml
[INFO] crate crates.io crate crndm 0.1.0 already has a lockfile, it will not be regenerated
[INFO] running `Command { std: CARGO_HOME="/workspace/cargo-home" RUSTUP_HOME="/workspace/rustup-home" "/workspace/cargo-home/bin/cargo" "+9610dfe5a9a731ced1ea4923ecbd0c57fe367898" "fetch" "--manifest-path" "Cargo.toml", kill_on_drop: false }`
[INFO] [stderr]     Updating crates.io index
[INFO] [stderr]  Downloading crates ...
[INFO] [stderr]   Downloaded crndm_derive v0.1.0
[INFO] [stderr]   Downloaded impl-trait-for-tuples v0.2.0
[INFO] [stderr]   Downloaded term v0.6.1
[INFO] [stderr]   Downloaded syn v1.0.54
[INFO] [stderr]   Downloaded num-bigint v0.3.1
[INFO] [stderr]   Downloaded term-painter v0.3.0
[INFO] running `Command { std: "docker" "create" "-v" "/var/lib/crater-agent-workspace/builds/worker-5-tc1/target:/opt/rustwide/target:rw,Z" "-v" "/var/lib/crater-agent-workspace/builds/worker-5-tc1/source:/opt/rustwide/workdir:ro,Z" "-v" "/var/lib/crater-agent-workspace/cargo-home:/opt/rustwide/cargo-home:ro,Z" "-v" "/var/lib/crater-agent-workspace/rustup-home:/opt/rustwide/rustup-home:ro,Z" "-e" "SOURCE_DIR=/opt/rustwide/workdir" "-e" "CARGO_TARGET_DIR=/opt/rustwide/target" "-e" "CARGO_HOME=/opt/rustwide/cargo-home" "-e" "RUSTUP_HOME=/opt/rustwide/rustup-home" "-w" "/opt/rustwide/workdir" "-m" "1610612736" "--user" "0:0" "--network" "none" "ghcr.io/rust-lang/crates-build-env/linux@sha256:19e73879b68f455e41552ea35293514db52ea292d993f571636dbffedb77a1ee" "/opt/rustwide/cargo-home/bin/cargo" "+9610dfe5a9a731ced1ea4923ecbd0c57fe367898" "metadata" "--no-deps" "--format-version=1", kill_on_drop: false }`
[INFO] [stdout] 94d907f15575444c2dc992a2472b0c138410d56266275159498d320371f37c55
[INFO] running `Command { std: "docker" "start" "-a" "94d907f15575444c2dc992a2472b0c138410d56266275159498d320371f37c55", kill_on_drop: false }`
[INFO] running `Command { std: "docker" "inspect" "94d907f15575444c2dc992a2472b0c138410d56266275159498d320371f37c55", kill_on_drop: false }`
[INFO] running `Command { std: "docker" "rm" "-f" "94d907f15575444c2dc992a2472b0c138410d56266275159498d320371f37c55", kill_on_drop: false }`
[INFO] [stdout] 94d907f15575444c2dc992a2472b0c138410d56266275159498d320371f37c55
[INFO] running `Command { std: "docker" "create" "-v" "/var/lib/crater-agent-workspace/builds/worker-5-tc1/target:/opt/rustwide/target:rw,Z" "-v" "/var/lib/crater-agent-workspace/builds/worker-5-tc1/source:/opt/rustwide/workdir:ro,Z" "-v" "/var/lib/crater-agent-workspace/cargo-home:/opt/rustwide/cargo-home:ro,Z" "-v" "/var/lib/crater-agent-workspace/rustup-home:/opt/rustwide/rustup-home:ro,Z" "-e" "SOURCE_DIR=/opt/rustwide/workdir" "-e" "CARGO_TARGET_DIR=/opt/rustwide/target" "-e" "CARGO_INCREMENTAL=0" "-e" "RUST_BACKTRACE=full" "-e" "RUSTFLAGS=--cap-lints=forbid" "-e" "RUSTDOCFLAGS=--cap-lints=forbid" "-e" "CARGO_HOME=/opt/rustwide/cargo-home" "-e" "RUSTUP_HOME=/opt/rustwide/rustup-home" "-w" "/opt/rustwide/workdir" "-m" "1610612736" "--user" "0:0" "--network" "none" "ghcr.io/rust-lang/crates-build-env/linux@sha256:19e73879b68f455e41552ea35293514db52ea292d993f571636dbffedb77a1ee" "/opt/rustwide/cargo-home/bin/cargo" "+9610dfe5a9a731ced1ea4923ecbd0c57fe367898" "check" "--frozen" "--all" "--all-targets" "--message-format=json", kill_on_drop: false }`
[INFO] [stdout] fbf4d659abc2ada899022407eeedfa879822db81dfc1948ae47edb9d6551d71b
[INFO] running `Command { std: "docker" "start" "-a" "fbf4d659abc2ada899022407eeedfa879822db81dfc1948ae47edb9d6551d71b", kill_on_drop: false }`
[INFO] [stderr]    Compiling libc v0.2.81
[INFO] [stderr]    Compiling num-traits v0.2.14
[INFO] [stderr]    Compiling num-integer v0.1.44
[INFO] [stderr]    Compiling getrandom v0.1.15
[INFO] [stderr]    Compiling num-bigint v0.3.1
[INFO] [stderr]    Compiling syn v1.0.54
[INFO] [stderr]    Compiling memchr v2.3.4
[INFO] [stderr]    Compiling num-rational v0.3.2
[INFO] [stderr]    Compiling num-iter v0.1.42
[INFO] [stderr]     Checking regex-syntax v0.6.21
[INFO] [stderr]     Checking thread_local v1.0.1
[INFO] [stderr]    Compiling quote v1.0.7
[INFO] [stderr]     Checking aho-corasick v0.7.15
[INFO] [stderr]     Checking dirs-sys v0.3.5
[INFO] [stderr]     Checking memmap v0.7.0
[INFO] [stderr]     Checking num_cpus v1.13.0
[INFO] [stderr]     Checking dirs v2.0.2
[INFO] [stderr]     Checking num-complex v0.3.1
[INFO] [stderr]     Checking term v0.6.1
[INFO] [stderr]     Checking rand_core v0.5.1
[INFO] [stderr]     Checking rand_chacha v0.2.2
[INFO] [stderr]     Checking term-painter v0.3.0
[INFO] [stderr]     Checking rand v0.7.3
[INFO] [stderr]     Checking regex v1.4.2
[INFO] [stderr]     Checking num v0.3.1
[INFO] [stderr]    Compiling impl-trait-for-tuples v0.2.0
[INFO] [stderr]    Compiling crndm_derive v0.1.0
[INFO] [stderr]     Checking crndm v0.1.0 (/opt/rustwide/workdir)
[INFO] [stdout] error[E0557]: feature has been removed
[INFO] [stdout]   --> src/lib.rs:99:12
[INFO] [stdout]    |
[INFO] [stdout] 99 | #![feature(untagged_unions)]
[INFO] [stdout]    |            ^^^^^^^^^^^^^^^ feature has been removed
[INFO] [stdout]    |
[INFO] [stdout]    = note: unions with `Copy` and `ManuallyDrop` fields are stable; there is no intent to stabilize more
[INFO] [stdout] 
[INFO] [stdout] 
[INFO] [stdout] error[E0557]: feature has been removed
[INFO] [stdout]    --> src/lib.rs:100:12
[INFO] [stdout]     |
[INFO] [stdout] 100 | #![feature(const_fn)]
[INFO] [stdout]     |            ^^^^^^^^ feature has been removed
[INFO] [stdout]     |
[INFO] [stdout]     = note: split into finer-grained feature gates
[INFO] [stdout] 
[INFO] [stdout] 
[INFO] [stdout] error[E0557]: feature has been removed
[INFO] [stdout]    --> src/lib.rs:117:12
[INFO] [stdout]     |
[INFO] [stdout] 117 | #![feature(const_generics)]
[INFO] [stdout]     |            ^^^^^^^^^^^^^^ feature has been removed
[INFO] [stdout]     |
[INFO] [stdout]     = note: removed in favor of `#![feature(adt_const_params)]` and `#![feature(generic_const_exprs)]`
[INFO] [stdout] 
[INFO] [stdout] 
[INFO] [stdout] error[E0557]: feature has been removed
[INFO] [stdout]   --> src/lib.rs:99:12
[INFO] [stdout]    |
[INFO] [stdout] 99 | #![feature(untagged_unions)]
[INFO] [stdout]    |            ^^^^^^^^^^^^^^^ feature has been removed
[INFO] [stdout]    |
[INFO] [stdout]    = note: unions with `Copy` and `ManuallyDrop` fields are stable; there is no intent to stabilize more
[INFO] [stdout] 
[INFO] [stdout] 
[INFO] [stdout] error[E0557]: feature has been removed
[INFO] [stdout]    --> src/lib.rs:100:12
[INFO] [stdout]     |
[INFO] [stdout] 100 | #![feature(const_fn)]
[INFO] [stdout]     |            ^^^^^^^^ feature has been removed
[INFO] [stdout]     |
[INFO] [stdout]     = note: split into finer-grained feature gates
[INFO] [stdout] 
[INFO] [stdout] 
[INFO] [stdout] error[E0557]: feature has been removed
[INFO] [stdout]    --> src/lib.rs:117:12
[INFO] [stdout]     |
[INFO] [stdout] 117 | #![feature(const_generics)]
[INFO] [stdout]     |            ^^^^^^^^^^^^^^ feature has been removed
[INFO] [stdout]     |
[INFO] [stdout]     = note: removed in favor of `#![feature(adt_const_params)]` and `#![feature(generic_const_exprs)]`
[INFO] [stdout] 
[INFO] [stdout] 
[INFO] [stdout] error: cannot find macro `llvm_asm` in this scope
[INFO] [stdout]   --> src/ll.rs:75:21
[INFO] [stdout]    |
[INFO] [stdout] 75 |                     llvm_asm!("clflushopt ($0)" :: "r"(start as *const u8));
[INFO] [stdout]    |                     ^^^^^^^^
[INFO] [stdout] 
[INFO] [stdout] 
[INFO] [stdout] error: cannot find macro `llvm_asm` in this scope
[INFO] [stdout]   --> src/ll.rs:75:21
[INFO] [stdout]    |
[INFO] [stdout] 75 |                     llvm_asm!("clflushopt ($0)" :: "r"(start as *const u8));
[INFO] [stdout]    |                     ^^^^^^^^
[INFO] [stdout] 
[INFO] [stdout] 
[INFO] [stdout] error[E0425]: cannot find function `atomic_cxchg_acqrel` in module `std::intrinsics`
[INFO] [stdout]     --> src/sync/parc.rs:1099:37
[INFO] [stdout]      |
[INFO] [stdout] 1099 |                 if std::intrinsics::atomic_cxchg_acqrel(flag, 0, 1).0 == 0 {
[INFO] [stdout]      |                                     ^^^^^^^^^^^^^^^^^^^ help: a function with a similar name exists: `atomic_xchg_acqrel`
[INFO] [stdout]     --> /rustc/9610dfe5a9a731ced1ea4923ecbd0c57fe367898/library/core/src/intrinsics.rs:398:5
[INFO] [stdout]      |
[INFO] [stdout]      = note: similarly named function `atomic_xchg_acqrel` defined here
[INFO] [stdout] 
[INFO] [stdout] 
[INFO] [stdout] error[E0425]: cannot find function `atomic_store_rel` in module `std::intrinsics`
[INFO] [stdout]    --> src/stm/log.rs:106:47
[INFO] [stdout]     |
[INFO] [stdout] 106 |                     unsafe { std::intrinsics::atomic_store_rel(n.as_mut_ptr(), v) }
[INFO] [stdout]     |                                               ^^^^^^^^^^^^^^^^ help: a function with a similar name exists: `atomic_store_relaxed`
[INFO] [stdout]    --> /rustc/9610dfe5a9a731ced1ea4923ecbd0c57fe367898/library/core/src/intrinsics.rs:367:5
[INFO] [stdout]     |
[INFO] [stdout]     = note: similarly named function `atomic_store_relaxed` defined here
[INFO] [stdout] 
[INFO] [stdout] 
[INFO] [stdout] warning: unused import: `std::intrinsics::*`
[INFO] [stdout]   --> src/cell/vcell.rs:80:13
[INFO] [stdout]    |
[INFO] [stdout] 80 |         use std::intrinsics::*;
[INFO] [stdout]    |             ^^^^^^^^^^^^^^^^^^
[INFO] [stdout]    |
[INFO] [stdout]    = note: `#[warn(unused_imports)]` on by default
[INFO] [stdout] 
[INFO] [stdout] 
[INFO] [stdout] error[E0425]: cannot find function `atomic_cxchg_acqrel` in module `std::intrinsics`
[INFO] [stdout]     --> src/sync/parc.rs:1099:37
[INFO] [stdout]      |
[INFO] [stdout] 1099 |                 if std::intrinsics::atomic_cxchg_acqrel(flag, 0, 1).0 == 0 {
[INFO] [stdout]      |                                     ^^^^^^^^^^^^^^^^^^^ help: a function with a similar name exists: `atomic_xchg_acqrel`
[INFO] [stdout]     --> /rustc/9610dfe5a9a731ced1ea4923ecbd0c57fe367898/library/core/src/intrinsics.rs:398:5
[INFO] [stdout]      |
[INFO] [stdout]      = note: similarly named function `atomic_xchg_acqrel` defined here
[INFO] [stdout] 
[INFO] [stdout] 
[INFO] [stdout] error[E0425]: cannot find function `atomic_store_rel` in module `std::intrinsics`
[INFO] [stdout]    --> src/stm/log.rs:106:47
[INFO] [stdout]     |
[INFO] [stdout] 106 |                     unsafe { std::intrinsics::atomic_store_rel(n.as_mut_ptr(), v) }
[INFO] [stdout]     |                                               ^^^^^^^^^^^^^^^^ help: a function with a similar name exists: `atomic_store_relaxed`
[INFO] [stdout]    --> /rustc/9610dfe5a9a731ced1ea4923ecbd0c57fe367898/library/core/src/intrinsics.rs:367:5
[INFO] [stdout]     |
[INFO] [stdout]     = note: similarly named function `atomic_store_relaxed` defined here
[INFO] [stdout] 
[INFO] [stdout] 
[INFO] [stdout] warning: unused import: `std::intrinsics::*`
[INFO] [stdout]   --> src/cell/vcell.rs:80:13
[INFO] [stdout]    |
[INFO] [stdout] 80 |         use std::intrinsics::*;
[INFO] [stdout]    |             ^^^^^^^^^^^^^^^^^^
[INFO] [stdout]    |
[INFO] [stdout]    = note: `#[warn(unused_imports)]` on by default
[INFO] [stdout] 
[INFO] [stdout] 
[INFO] [stdout] warning: unnecessary trailing semicolon
[INFO] [stdout]     --> src/tests.rs:1084:10
[INFO] [stdout]      |
[INFO] [stdout] 1084 |         };
[INFO] [stdout]      |          ^ help: remove this semicolon
[INFO] [stdout]      |
[INFO] [stdout]      = note: `#[warn(redundant_semicolons)]` on by default
[INFO] [stdout] 
[INFO] [stdout] 
[INFO] [stdout] warning: unused attribute
[INFO] [stdout]    --> src/cell/refcell.rs:260:5
[INFO] [stdout]     |
[INFO] [stdout] 260 |     #[inline]
[INFO] [stdout]     |     ^^^^^^^^^ help: remove this attribute
[INFO] [stdout]     |
[INFO] [stdout] note: attribute also specified here
[INFO] [stdout]    --> src/cell/refcell.rs:258:5
[INFO] [stdout]     |
[INFO] [stdout] 258 |     #[inline]
[INFO] [stdout]     |     ^^^^^^^^^
[INFO] [stdout]     = warning: this was previously accepted by the compiler but is being phased out; it will become a hard error in a future release!
[INFO] [stdout]     = note: `#[warn(unused_attributes)]` on by default
[INFO] [stdout] 
[INFO] [stdout] 
[INFO] [stdout] warning: the feature `backtrace` has been stable since 1.65.0 and no longer requires an attribute to enable
[INFO] [stdout]    --> src/lib.rs:107:12
[INFO] [stdout]     |
[INFO] [stdout] 107 | #![feature(backtrace)]
[INFO] [stdout]     |            ^^^^^^^^^
[INFO] [stdout]     |
[INFO] [stdout]     = note: `#[warn(stable_features)]` on by default
[INFO] [stdout] 
[INFO] [stdout] 
[INFO] [stdout] warning: the feature `try_reserve` has been stable since 1.57.0 and no longer requires an attribute to enable
[INFO] [stdout]    --> src/lib.rs:120:12
[INFO] [stdout]     |
[INFO] [stdout] 120 | #![feature(try_reserve)]
[INFO] [stdout]     |            ^^^^^^^^^^^
[INFO] [stdout] 
[INFO] [stdout] 
[INFO] [stdout] warning: the feature `toowned_clone_into` has been stable since 1.63.0 and no longer requires an attribute to enable
[INFO] [stdout]    --> src/lib.rs:122:12
[INFO] [stdout]     |
[INFO] [stdout] 122 | #![feature(toowned_clone_into)]
[INFO] [stdout]     |            ^^^^^^^^^^^^^^^^^^
[INFO] [stdout] 
[INFO] [stdout] 
[INFO] [stdout] error[E0635]: unknown feature `llvm_asm`
[INFO] [stdout]    --> src/lib.rs:103:12
[INFO] [stdout]     |
[INFO] [stdout] 103 | #![feature(llvm_asm)]
[INFO] [stdout]     |            ^^^^^^^^
[INFO] [stdout] 
[INFO] [stdout] 
[INFO] [stdout] warning: unused attribute
[INFO] [stdout]    --> src/cell/refcell.rs:260:5
[INFO] [stdout]     |
[INFO] [stdout] 260 |     #[inline]
[INFO] [stdout]     |     ^^^^^^^^^ help: remove this attribute
[INFO] [stdout]     |
[INFO] [stdout] note: attribute also specified here
[INFO] [stdout]    --> src/cell/refcell.rs:258:5
[INFO] [stdout]     |
[INFO] [stdout] 258 |     #[inline]
[INFO] [stdout]     |     ^^^^^^^^^
[INFO] [stdout]     = warning: this was previously accepted by the compiler but is being phased out; it will become a hard error in a future release!
[INFO] [stdout]     = note: `#[warn(unused_attributes)]` on by default
[INFO] [stdout] 
[INFO] [stdout] 
[INFO] [stdout] warning: cross-crate traits with a default impl, like `marker::PSafe`, should not be specialized
[INFO] [stdout]    --> src/ptr/ptr.rs:237:1
[INFO] [stdout]     |
[INFO] [stdout] 237 | unsafe impl<A: MemPool, T: PSafe> PSafe for Ptr<[T], A> {}
[INFO] [stdout]     | ^^^^^^^^^^^^^^^^^^^^^^^^^^^^^^^^^^^^^^^^^^^^^^^^^^^^^^^
[INFO] [stdout]     |
[INFO] [stdout]     = warning: this will change its meaning in a future release!
[INFO] [stdout]     = note: for more information, see issue #93367 <https://github.com/rust-lang/rust/issues/93367>
[INFO] [stdout]     = note: `[T]` is not a generic parameter
[INFO] [stdout] note: try using the same sequence of generic parameters as the struct definition
[INFO] [stdout]    --> src/ptr/ptr.rs:26:1
[INFO] [stdout]     |
[INFO] [stdout] 26  | pub struct Ptr<T: PSafe + ?Sized, A: MemPool> {
[INFO] [stdout]     | ^^^^^^^^^^^^^^^^^^^^^^^^^^^^^^^^^^^^^^^^^^^^^
[INFO] [stdout]     = note: `#[warn(suspicious_auto_trait_impls)]` on by default
[INFO] [stdout] 
[INFO] [stdout] 
[INFO] [stdout] warning: the feature `backtrace` has been stable since 1.65.0 and no longer requires an attribute to enable
[INFO] [stdout]    --> src/lib.rs:107:12
[INFO] [stdout]     |
[INFO] [stdout] 107 | #![feature(backtrace)]
[INFO] [stdout]     |            ^^^^^^^^^
[INFO] [stdout]     |
[INFO] [stdout]     = note: `#[warn(stable_features)]` on by default
[INFO] [stdout] 
[INFO] [stdout] 
[INFO] [stdout] warning: the feature `try_reserve` has been stable since 1.57.0 and no longer requires an attribute to enable
[INFO] [stdout]    --> src/lib.rs:120:12
[INFO] [stdout]     |
[INFO] [stdout] 120 | #![feature(try_reserve)]
[INFO] [stdout]     |            ^^^^^^^^^^^
[INFO] [stdout] 
[INFO] [stdout] 
[INFO] [stdout] warning: the feature `toowned_clone_into` has been stable since 1.63.0 and no longer requires an attribute to enable
[INFO] [stdout]    --> src/lib.rs:122:12
[INFO] [stdout]     |
[INFO] [stdout] 122 | #![feature(toowned_clone_into)]
[INFO] [stdout]     |            ^^^^^^^^^^^^^^^^^^
[INFO] [stdout] 
[INFO] [stdout] 
[INFO] [stdout] error[E0635]: unknown feature `llvm_asm`
[INFO] [stdout]    --> src/lib.rs:103:12
[INFO] [stdout]     |
[INFO] [stdout] 103 | #![feature(llvm_asm)]
[INFO] [stdout]     |            ^^^^^^^^
[INFO] [stdout] 
[INFO] [stdout] 
[INFO] [stdout] warning: cross-crate traits with a default impl, like `marker::PSafe`, should not be specialized
[INFO] [stdout]    --> src/ptr/ptr.rs:237:1
[INFO] [stdout]     |
[INFO] [stdout] 237 | unsafe impl<A: MemPool, T: PSafe> PSafe for Ptr<[T], A> {}
[INFO] [stdout]     | ^^^^^^^^^^^^^^^^^^^^^^^^^^^^^^^^^^^^^^^^^^^^^^^^^^^^^^^
[INFO] [stdout]     |
[INFO] [stdout]     = warning: this will change its meaning in a future release!
[INFO] [stdout]     = note: for more information, see issue #93367 <https://github.com/rust-lang/rust/issues/93367>
[INFO] [stdout]     = note: `[T]` is not a generic parameter
[INFO] [stdout] note: try using the same sequence of generic parameters as the struct definition
[INFO] [stdout]    --> src/ptr/ptr.rs:26:1
[INFO] [stdout]     |
[INFO] [stdout] 26  | pub struct Ptr<T: PSafe + ?Sized, A: MemPool> {
[INFO] [stdout]     | ^^^^^^^^^^^^^^^^^^^^^^^^^^^^^^^^^^^^^^^^^^^^^
[INFO] [stdout]     = note: `#[warn(suspicious_auto_trait_impls)]` on by default
[INFO] [stdout] 
[INFO] [stdout] 
[INFO] [stdout] warning: use of deprecated method `std::sync::atomic::AtomicBool::compare_and_swap`: Use `compare_exchange` or `compare_exchange_weak` instead
[INFO] [stdout]     --> src/alloc/alg/buddy.rs:900:34
[INFO] [stdout]      |
[INFO] [stdout] 900  |                         if !OPEN.compare_and_swap(false, true, Ordering::AcqRel) {
[INFO] [stdout]      |                                  ^^^^^^^^^^^^^^^^
[INFO] [stdout] ...
[INFO] [stdout] 1319 | crate::pool!(default);
[INFO] [stdout]      | --------------------- in this macro invocation
[INFO] [stdout]      |
[INFO] [stdout]      = note: `#[warn(deprecated)]` on by default
[INFO] [stdout]      = note: this warning originates in the macro `crate::pool` (in Nightly builds, run with -Z macro-backtrace for more info)
[INFO] [stdout] 
[INFO] [stdout] 
[INFO] [stdout] warning: use of deprecated method `std::sync::atomic::AtomicBool::compare_and_swap`: Use `compare_exchange` or `compare_exchange_weak` instead
[INFO] [stdout]     --> src/alloc/alg/buddy.rs:875:36
[INFO] [stdout]      |
[INFO] [stdout] 875  |                         while OPEN.compare_and_swap(false, true, Ordering::AcqRel) {}
[INFO] [stdout]      |                                    ^^^^^^^^^^^^^^^^
[INFO] [stdout] ...
[INFO] [stdout] 1319 | crate::pool!(default);
[INFO] [stdout]      | --------------------- in this macro invocation
[INFO] [stdout]      |
[INFO] [stdout]      = note: `#[warn(deprecated)]` on by default
[INFO] [stdout]      = note: this warning originates in the macro `crate::pool` (in Nightly builds, run with -Z macro-backtrace for more info)
[INFO] [stdout] 
[INFO] [stdout] 
[INFO] [stdout] error[E0425]: cannot find function `atomic_load_acq` in this scope
[INFO] [stdout]   --> src/cell/vcell.rs:84:19
[INFO] [stdout]    |
[INFO] [stdout] 84 |             while atomic_load_acq(gen) == u32::MAX {}
[INFO] [stdout]    |                   ^^^^^^^^^^^^^^^ help: a function with a similar name exists: `atomic_load_acquire`
[INFO] [stdout]   --> /rustc/9610dfe5a9a731ced1ea4923ecbd0c57fe367898/library/core/src/intrinsics.rs:336:5
[INFO] [stdout]    |
[INFO] [stdout]    = note: similarly named function `atomic_load_acquire` defined here
[INFO] [stdout] 
[INFO] [stdout] 
[INFO] [stdout] error[E0425]: cannot find function `atomic_load_acq` in this scope
[INFO] [stdout]   --> src/cell/vcell.rs:87:23
[INFO] [stdout]    |
[INFO] [stdout] 87 |             let old = atomic_load_acq(&self.gen);
[INFO] [stdout]    |                       ^^^^^^^^^^^^^^^ help: a function with a similar name exists: `atomic_load_acquire`
[INFO] [stdout]   --> /rustc/9610dfe5a9a731ced1ea4923ecbd0c57fe367898/library/core/src/intrinsics.rs:336:5
[INFO] [stdout]    |
[INFO] [stdout]    = note: similarly named function `atomic_load_acquire` defined here
[INFO] [stdout] 
[INFO] [stdout] 
[INFO] [stdout] error[E0425]: cannot find function `atomic_cxchg_acqrel` in this scope
[INFO] [stdout]   --> src/cell/vcell.rs:89:20
[INFO] [stdout]    |
[INFO] [stdout] 89 |                 if atomic_cxchg_acqrel(gen, old, u32::MAX).0 != curr {
[INFO] [stdout]    |                    ^^^^^^^^^^^^^^^^^^^ help: a function with a similar name exists: `atomic_xchg_acqrel`
[INFO] [stdout]   --> /rustc/9610dfe5a9a731ced1ea4923ecbd0c57fe367898/library/core/src/intrinsics.rs:398:5
[INFO] [stdout]    |
[INFO] [stdout]    = note: similarly named function `atomic_xchg_acqrel` defined here
[INFO] [stdout] 
[INFO] [stdout] 
[INFO] [stdout] error[E0425]: cannot find function `atomic_store_rel` in this scope
[INFO] [stdout]   --> src/cell/vcell.rs:92:21
[INFO] [stdout]    |
[INFO] [stdout] 92 |                     atomic_store_rel(gen, curr);
[INFO] [stdout]    |                     ^^^^^^^^^^^^^^^^ help: a function with a similar name exists: `atomic_store_relaxed`
[INFO] [stdout]   --> /rustc/9610dfe5a9a731ced1ea4923ecbd0c57fe367898/library/core/src/intrinsics.rs:367:5
[INFO] [stdout]    |
[INFO] [stdout]    = note: similarly named function `atomic_store_relaxed` defined here
[INFO] [stdout] 
[INFO] [stdout] 
[INFO] [stdout] error[E0425]: cannot find function `atomic_load_acq` in this scope
[INFO] [stdout]   --> src/cell/vcell.rs:94:23
[INFO] [stdout]    |
[INFO] [stdout] 94 |                 while atomic_load_acq(gen) == u32::MAX {}
[INFO] [stdout]    |                       ^^^^^^^^^^^^^^^ help: a function with a similar name exists: `atomic_load_acquire`
[INFO] [stdout]   --> /rustc/9610dfe5a9a731ced1ea4923ecbd0c57fe367898/library/core/src/intrinsics.rs:336:5
[INFO] [stdout]    |
[INFO] [stdout]    = note: similarly named function `atomic_load_acquire` defined here
[INFO] [stdout] 
[INFO] [stdout] 
[INFO] [stdout] error[E0425]: cannot find function `atomic_load_acq` in this scope
[INFO] [stdout]   --> src/cell/vcell.rs:84:19
[INFO] [stdout]    |
[INFO] [stdout] 84 |             while atomic_load_acq(gen) == u32::MAX {}
[INFO] [stdout]    |                   ^^^^^^^^^^^^^^^ help: a function with a similar name exists: `atomic_load_acquire`
[INFO] [stdout]   --> /rustc/9610dfe5a9a731ced1ea4923ecbd0c57fe367898/library/core/src/intrinsics.rs:336:5
[INFO] [stdout]    |
[INFO] [stdout]    = note: similarly named function `atomic_load_acquire` defined here
[INFO] [stdout] 
[INFO] [stdout] 
[INFO] [stdout] error[E0425]: cannot find function `atomic_load_acq` in this scope
[INFO] [stdout]   --> src/cell/vcell.rs:87:23
[INFO] [stdout]    |
[INFO] [stdout] 87 |             let old = atomic_load_acq(&self.gen);
[INFO] [stdout]    |                       ^^^^^^^^^^^^^^^ help: a function with a similar name exists: `atomic_load_acquire`
[INFO] [stdout]   --> /rustc/9610dfe5a9a731ced1ea4923ecbd0c57fe367898/library/core/src/intrinsics.rs:336:5
[INFO] [stdout]    |
[INFO] [stdout]    = note: similarly named function `atomic_load_acquire` defined here
[INFO] [stdout] 
[INFO] [stdout] 
[INFO] [stdout] error[E0425]: cannot find function `atomic_cxchg_acqrel` in this scope
[INFO] [stdout]   --> src/cell/vcell.rs:89:20
[INFO] [stdout]    |
[INFO] [stdout] 89 |                 if atomic_cxchg_acqrel(gen, old, u32::MAX).0 != curr {
[INFO] [stdout]    |                    ^^^^^^^^^^^^^^^^^^^ help: a function with a similar name exists: `atomic_xchg_acqrel`
[INFO] [stdout]   --> /rustc/9610dfe5a9a731ced1ea4923ecbd0c57fe367898/library/core/src/intrinsics.rs:398:5
[INFO] [stdout]    |
[INFO] [stdout]    = note: similarly named function `atomic_xchg_acqrel` defined here
[INFO] [stdout] 
[INFO] [stdout] 
[INFO] [stdout] error[E0425]: cannot find function `atomic_store_rel` in this scope
[INFO] [stdout]   --> src/cell/vcell.rs:92:21
[INFO] [stdout]    |
[INFO] [stdout] 92 |                     atomic_store_rel(gen, curr);
[INFO] [stdout]    |                     ^^^^^^^^^^^^^^^^ help: a function with a similar name exists: `atomic_store_relaxed`
[INFO] [stdout]   --> /rustc/9610dfe5a9a731ced1ea4923ecbd0c57fe367898/library/core/src/intrinsics.rs:367:5
[INFO] [stdout]    |
[INFO] [stdout]    = note: similarly named function `atomic_store_relaxed` defined here
[INFO] [stdout] 
[INFO] [stdout] 
[INFO] [stdout] error[E0425]: cannot find function `atomic_load_acq` in this scope
[INFO] [stdout]   --> src/cell/vcell.rs:94:23
[INFO] [stdout]    |
[INFO] [stdout] 94 |                 while atomic_load_acq(gen) == u32::MAX {}
[INFO] [stdout]    |                       ^^^^^^^^^^^^^^^ help: a function with a similar name exists: `atomic_load_acquire`
[INFO] [stdout]   --> /rustc/9610dfe5a9a731ced1ea4923ecbd0c57fe367898/library/core/src/intrinsics.rs:336:5
[INFO] [stdout]    |
[INFO] [stdout]    = note: similarly named function `atomic_load_acquire` defined here
[INFO] [stdout] 
[INFO] [stdout] 
[INFO] [stdout] error: aborting due to 12 previous errors; 7 warnings emitted
[INFO] [stdout] 
[INFO] [stdout] 
[INFO] [stdout] Some errors have detailed explanations: E0425, E0557, E0635.
[INFO] [stdout] 
[INFO] [stdout] For more information about an error, try `rustc --explain E0425`.
[INFO] [stdout] 
[INFO] [stderr] error: could not compile `crndm` (lib) due to 13 previous errors; 7 warnings emitted
[INFO] [stderr] warning: build failed, waiting for other jobs to finish...
[INFO] [stdout] warning: use of deprecated method `std::sync::atomic::AtomicBool::compare_and_swap`: Use `compare_exchange` or `compare_exchange_weak` instead
[INFO] [stdout]    --> src/alloc/alg/buddy.rs:875:36
[INFO] [stdout]     |
[INFO] [stdout] 875 |                         while OPEN.compare_and_swap(false, true, Ordering::AcqRel) {}
[INFO] [stdout]     |                                    ^^^^^^^^^^^^^^^^
[INFO] [stdout]     |
[INFO] [stdout]    ::: src/tests.rs:346:9
[INFO] [stdout]     |
[INFO] [stdout] 346 |         crate::pool!(pool1);
[INFO] [stdout]     |         ------------------- in this macro invocation
[INFO] [stdout]     |
[INFO] [stdout]     = note: this warning originates in the macro `crate::pool` (in Nightly builds, run with -Z macro-backtrace for more info)
[INFO] [stdout] 
[INFO] [stdout] 
[INFO] [stdout] warning: use of deprecated method `std::sync::atomic::AtomicBool::compare_and_swap`: Use `compare_exchange` or `compare_exchange_weak` instead
[INFO] [stdout]    --> src/alloc/alg/buddy.rs:875:36
[INFO] [stdout]     |
[INFO] [stdout] 875 |                         while OPEN.compare_and_swap(false, true, Ordering::AcqRel) {}
[INFO] [stdout]     |                                    ^^^^^^^^^^^^^^^^
[INFO] [stdout]     |
[INFO] [stdout]    ::: src/tests.rs:347:9
[INFO] [stdout]     |
[INFO] [stdout] 347 |         crate::pool!(pool2);
[INFO] [stdout]     |         ------------------- in this macro invocation
[INFO] [stdout]     |
[INFO] [stdout]     = note: this warning originates in the macro `crate::pool` (in Nightly builds, run with -Z macro-backtrace for more info)
[INFO] [stdout] 
[INFO] [stdout] 
[INFO] [stdout] warning: use of deprecated method `std::sync::atomic::AtomicBool::compare_and_swap`: Use `compare_exchange` or `compare_exchange_weak` instead
[INFO] [stdout]    --> src/alloc/alg/buddy.rs:875:36
[INFO] [stdout]     |
[INFO] [stdout] 875 |                         while OPEN.compare_and_swap(false, true, Ordering::AcqRel) {}
[INFO] [stdout]     |                                    ^^^^^^^^^^^^^^^^
[INFO] [stdout]     |
[INFO] [stdout]    ::: src/tests.rs:637:9
[INFO] [stdout]     |
[INFO] [stdout] 637 |         crate::pool!(pool1);
[INFO] [stdout]     |         ------------------- in this macro invocation
[INFO] [stdout]     |
[INFO] [stdout]     = note: this warning originates in the macro `crate::pool` (in Nightly builds, run with -Z macro-backtrace for more info)
[INFO] [stdout] 
[INFO] [stdout] 
[INFO] [stdout] warning: use of deprecated method `std::sync::atomic::AtomicBool::compare_and_swap`: Use `compare_exchange` or `compare_exchange_weak` instead
[INFO] [stdout]    --> src/alloc/alg/buddy.rs:875:36
[INFO] [stdout]     |
[INFO] [stdout] 875 |                         while OPEN.compare_and_swap(false, true, Ordering::AcqRel) {}
[INFO] [stdout]     |                                    ^^^^^^^^^^^^^^^^
[INFO] [stdout]     |
[INFO] [stdout]    ::: src/tests.rs:638:9
[INFO] [stdout]     |
[INFO] [stdout] 638 |         crate::pool!(pool2);
[INFO] [stdout]     |         ------------------- in this macro invocation
[INFO] [stdout]     |
[INFO] [stdout]     = note: this warning originates in the macro `crate::pool` (in Nightly builds, run with -Z macro-backtrace for more info)
[INFO] [stdout] 
[INFO] [stdout] 
[INFO] [stdout] error: aborting due to 12 previous errors; 12 warnings emitted
[INFO] [stdout] 
[INFO] [stdout] 
[INFO] [stdout] Some errors have detailed explanations: E0425, E0557, E0635.
[INFO] [stdout] 
[INFO] [stdout] For more information about an error, try `rustc --explain E0425`.
[INFO] [stdout] 
[INFO] [stderr] error: could not compile `crndm` (lib test) due to 13 previous errors; 12 warnings emitted
[INFO] running `Command { std: "docker" "inspect" "fbf4d659abc2ada899022407eeedfa879822db81dfc1948ae47edb9d6551d71b", kill_on_drop: false }`
[INFO] running `Command { std: "docker" "rm" "-f" "fbf4d659abc2ada899022407eeedfa879822db81dfc1948ae47edb9d6551d71b", kill_on_drop: false }`
[INFO] [stdout] fbf4d659abc2ada899022407eeedfa879822db81dfc1948ae47edb9d6551d71b
